on divisor of 27676 and 66.
22
Calculate the greatest common factor of 1104 and 69.
69
What is the highest common factor of 9443 and 399?
133
Calculate the greatest common factor of 4360 and 120.
40
Calculate the highest common factor of 1141 and 815.
163
Calculate the highest common factor of 531 and 18.
9
What is the greatest common divisor of 3040 and 800?
160
Calculate the greatest common divisor of 176 and 220.
44
Calculate the highest common divisor of 66 and 3201.
33
Calculate the highest common factor of 333 and 288.
9
Calculate the highest common divisor of 928 and 64.
32
What is the highest common divisor of 18759 and 222?
111
What is the greatest common factor of 7 and 1099?
7
Calculate the greatest common factor of 28 and 1208.
4
What is the highest common divisor of 549 and 3904?
61
Calculate the greatest common divisor of 1428 and 8772.
204
What is the highest common divisor of 204 and 459?
51
Calculate the greatest common factor of 16 and 1624.
8
What is the greatest common factor of 3036 and 88?
44
What is the highest common factor of 4 and 1138?
2
Calculate the greatest common divisor of 296 and 111.
37
What is the greatest common factor of 42 and 54?
6
What is the highest common factor of 356 and 267?
89
What is the highest common divisor of 885 and 59?
59
What is the greatest common factor of 806 and 52?
26
What is the greatest common divisor of 3984 and 36?
12
What is the greatest common factor of 63 and 9?
9
Calculate the highest common factor of 77 and 168.
7
Calculate the highest common factor of 210 and 462.
42
Calculate the highest common divisor of 17197 and 29.
29
Calculate the greatest common divisor of 96 and 36.
12
Calculate the greatest common factor of 17 and 2941.
17
Calculate the greatest common factor of 64 and 8.
8
Calculate the greatest common factor of 10 and 10.
10
Calculate the highest common divisor of 969 and 57.
57
Calculate the highest common factor of 112 and 368.
16
Calculate the greatest common factor of 343 and 245.
49
Calculate the highest common factor of 481 and 444.
37
What is the greatest common factor of 51800 and 42?
14
Calculate the greatest common factor of 365 and 325.
5
What is the greatest common divisor of 10266 and 59?
59
Calculate the highest common factor of 20 and 15.
5
Calculate the highest common divisor of 34 and 85.
17
What is the greatest common divisor of 62 and 403?
31
Calculate the greatest common divisor of 1946 and 14.
14
Calculate the highest common factor of 38 and 45106.
38
Calculate the greatest common divisor of 171 and 19.
19
Calculate the highest common factor of 1275 and 25.
25
Calculate the greatest common divisor of 525 and 50.
25
Calculate the greatest common divisor of 32 and 744.
8
Calculate the highest common factor of 579 and 6.
3
What is the greatest common factor of 278 and 41978?
278
Calculate the greatest common factor of 416 and 78.
26
Calculate the highest common factor of 168 and 72.
24
Calculate the greatest common factor of 440 and 200.
40
Calculate the greatest common factor of 19950 and 300.
150
What is the greatest common divisor of 164 and 1312?
164
Calculate the highest common factor of 84 and 8652.
84
What is the greatest common factor of 407 and 11?
11
What is the greatest common divisor of 26604 and 36?
36
What is the highest common factor of 56 and 14728?
56
Calculate the highest common divisor of 4 and 2293.
1
What is the greatest common factor of 69 and 13869?
69
Calculate the greatest common divisor of 68 and 323.
17
Calculate the highest common divisor of 8115 and 30.
15
What is the highest common divisor of 1786 and 564?
94
Calculate the highest common factor of 3139 and 731.
43
What is the highest common divisor of 189 and 84?
21
What is the greatest common divisor of 1059 and 3?
3
What is the highest common divisor of 1829 and 62?
31
What is the highest common divisor of 7505 and 285?
95
What is the greatest common factor of 675 and 3075?
75
What is the highest common divisor of 6510 and 420?
210
Calculate the highest common factor of 69 and 2967.
69
What is the greatest common divisor of 25 and 475?
25
Calculate the greatest common divisor of 16408 and 24.
8
What is the greatest common divisor of 3948 and 63?
21
Calculate the highest common divisor of 117 and 81.
9
What is the greatest common factor of 395 and 25?
5
What is the highest common divisor of 170 and 160?
10
Calculate the greatest common divisor of 270 and 66.
6
What is the greatest common factor of 328 and 14842?
82
Calculate the greatest common factor of 76 and 14.
2
Calculate the highest common divisor of 12749 and 22.
11
What is the greatest common divisor of 70 and 30?
10
What is the highest common divisor of 1360 and 80?
80
What is the highest common factor of 117 and 26?
13
Calculate the highest common factor of 1963 and 585.
13
Calculate the highest common divisor of 12 and 948.
12
Calculate the highest common divisor of 40 and 5120.
40
Calculate the highest common divisor of 50 and 14.
2
What is the greatest common divisor of 320 and 15?
5
Calculate the greatest common factor of 638 and 29.
29
Calculate the greatest common factor of 13488 and 64.
16
Calculate the greatest common divisor of 1887 and 111.
111
What is the highest common divisor of 429 and 165?
33
Calculate the greatest common divisor of 25 and 400.
25
What is the greatest common divisor of 144 and 225?
9
What is the greatest common factor of 1 and 19?
1
What is the highest common factor of 30 and 6?
6
Calculate the highest common divisor of 1792 and 72.
8
Calculate the highest common divisor of 112 and 96.
16
What is the highest common divisor of 335 and 268?
67
Calculate the greatest common divisor of 49 and 3871.
49
Calculate the highest common divisor of 276 and 2576.
92
Calculate the highest common divisor of 144 and 32.
16
What is the highest common factor of 5 and 225?
5
What is the highest common divisor of 3050 and 1150?
50
Calculate the greatest common factor of 1176 and 84.
84
What is the highest common divisor of 5 and 3280?
5
Calculate the highest common factor of 367 and 28993.
367
Calculate the highest common factor of 340 and 8585.
85
What is the greatest common divisor of 580 and 900?
20
What is the highest common factor of 212 and 66780?
212
Calculate the greatest common divisor of 88 and 2816.
88
What is the greatest common factor of 126 and 4263?
21
Calculate the highest common factor of 76 and 35188.
76
Calculate the highest common factor of 140 and 91.
7
Calculate the highest common divisor of 4 and 642.
2
What is the highest common factor of 1 and 16?
1
What is the greatest common divisor of 2867 and 94?
47
Calculate the highest common factor of 149805 and 45.
45
What is the highest common factor of 40 and 370?
10
What is the greatest common divisor of 2257 and 61?
61
Calculate the highest common divisor of 26 and 7709.
13
What is the greatest common divisor of 1 and 313?
1
Calculate the greatest common factor of 50 and 45.
5
Calculate the greatest common divisor of 517 and 141.
47
Calculate the greatest common factor of 15 and 690.
15
What is the highest common divisor of 1674 and 24?
6
What is the highest common factor of 12328 and 184?
184
Calculate the highest common factor of 133 and 95.
19
What is the greatest common divisor of 222 and 6956?
74
Calculate the highest common factor of 289 and 51.
17
What is the highest common factor of 111 and 1813?
37
What is the greatest common factor of 39823 and 7?
7
Calculate the greatest common factor of 92 and 4.
4
What is the greatest common factor of 76 and 95?
19
Calculate the greatest common divisor of 1260 and 820.
20
Calculate the highest common factor of 6 and 282.
6
Calculate the greatest common divisor of 15 and 51.
3
Calculate the greatest common factor of 48 and 1416.
24
What is the highest common factor of 437 and 247?
19
What is the greatest common factor of 442 and 17459?
221
What is the greatest common divisor of 2185 and 57?
19
Calculate the highest common divisor of 74 and 4366.
74
What is the highest common divisor of 40 and 1576?
8
What is the greatest common factor of 32048 and 16?
16
What is the highest common divisor of 1007 and 371?
53
What is the highest common divisor of 104 and 13?
13
Calculate the g